= p**2 + p - 1. List the prime factors of k(a).
109
Let n = -25 + 42. Let x = n + -13. Suppose -x*b = -91 - 21. What are the prime factors of b?
2, 7
Suppose o = 6 - 6. Suppose o = -14*g + 13*g + 73. What are the prime factors of g?
73
Let r(k) = k**3 - 6*k**2 + 4*k + 5. Let a be r(5). What are the prime factors of (3 + a + -2 - 7)*-2?
2, 3
Let v = 55 - 53. What are the prime factors of 54 + 3*(3 - v)?
3, 19
Suppose k - 1510 = -4*a, 3*k - 3*a - 4575 = -0*a. List the prime factors of k.
2, 761
Let y(c) = 20*c - 46*c + 24*c - 1 - 6. Let i = -4 + -1. List the prime factors of y(i).
3
Let s = -61 - -38. Suppose -6*i - 3*i - 387 = 0. Let b = s - i. List the prime factors of b.
2, 5
Suppose -118 = -5*k - 18. Suppose -2*g = 4*r - k, -4*r - 8 = g - 6*g. Suppose r*s + 3*s - 36 = 0. List the prime factors of s.
2, 3
Let r = -7 - 3. Let s(t) = -8*t - 176. Let u be s(-16). Let a = r - u. What are the prime factors of a?
2, 19
Let j = -305 - -172. Let r = -66 - j. What are the prime factors of r?
67
Let p = 707 + 184. What are the prime factors of p?
3, 11
Let d = -318 + 837. List the prime factors of d.
3, 173
Let b(i) = -2 - 17*i - 33*i + 7*i. Let v be b(-3). Suppose 2*q - 3*q = -4*p + v, 3*q + 102 = 3*p. List the prime factors of p.
31
Let u(w) = w**3 + 6*w**2 + 4. Let n(a) = -a**3 - 6*a**2 + 2*a + 6. Let d be n(-6). Let i be u(d). What are the prime factors of (4/(-10))/(i/(-80))?
2
Let i = 21 + -17. Suppose 3 = 3*d + 9, i*d = 5*t - 233. List the prime factors of t.
3, 5
Let f(b) = -28*b - 50. What are the prime factors of f(-2)?
2, 3
Let n be -9 + -1*(-6)/2. Let f be (-34)/(-2) - (6 + n). Let c = f + -9. What are the prime factors of c?
2
Let c = 90 + -80. List the prime factors of 4/c + 0 - 2398/(-55).
2, 11
Let a = 515 + -277. List the prime factors of (-5)/(a/(-77) + 1 + 2).
5, 11
Let i(p) = p**3 - 7*p**2 - 8*p + 1. Let o be i(8). Let b be (154/21)/(o/3). Suppose -5*g + 173 = -t + b, 3*g = -4*t + 109. What are the prime factors of g?
31
List the prime factors of 11/((-99)/2) + (-5242)/(-18).
3, 97
Let a = -1136 - -1944. List the prime factors of a.
2, 101
Suppose 29*l = 26*l + 180. Let t = l + -32. List the prime factors of t.
2, 7
Suppose 5*u - 123 = 2*u. List the prime factors of u.
41
Suppose -2*z - 45*z = -37271. What are the prime factors of z?
13, 61
Suppose -3*z - 5*q + 23 = -4, -4*z + 22 = 2*q. Suppose -1 = -v, -v = 4*a - z*v - 137. Let h = a - 12. List the prime factors of h.
23
Suppose -5*m = 3*q - 5084, 6*q = -4*m + 7*q + 4057. What are the prime factors of m?
5, 7, 29
Let c(v) = 40*v + 13. What are the prime factors of c(16)?
653
Let c = -120 - -31. Let q = c + 124. List the prime factors of q.
5, 7
Let i(d) = -d**2 + 11*d - 5. Let t(f) = -f**3 + 10*f**2 - 8*f - 8. Let x be t(9). Let a be (x - (-2 - -3)) + 7. List the prime factors of i(a).
23
Let n = 3726 - 1703. List the prime factors of n.
7, 17
Suppose 3*y + y = -2*c + 414, 2*y = -3*c + 217. Suppose -89 = p - y. List the prime factors of p.
2, 3
List the prime factors of 8/(5 - 3) - 1336/(-4).
2, 13
Let d = -18 - -23. Suppose 0 = -3*x - d*w + 17, 2*x + 0*w - 2*w = 6. What are the prime factors of (5 - 4 - -55) + x?
2, 3, 5
List the prime factors of -7*(26/(-3))/(22/33).
7, 13
Suppose 3*x + 8 = r, 5*x = 2*x. Suppose -r*n + 249 = -247. What are the prime factors of n?
2, 31
Let g(i) = -15 - i**2 + 21*i + 15 - 19. What are the prime factors of g(16)?
61
Let d(i) = 42*i + 204. List the prime factors of d(10).
2, 3, 13
Let d = -2964 - -4914. What are the prime factors of d?
2, 3, 5, 13
Let y(m) = 9*m - 9. Let d be y(11). Suppose d = 5*u - 5*k, 0*u + 5*u = 2*k + 84. Let a = -6 + u. What are the prime factors of a?
2, 5
Let n = 2 - -215. Let u = n - 136. What are the prime factors of u?
3
Let x(q) = q**3 + 6*q**2 + 3*q - 3. Let y be x(-5). Suppose -y*w = -5*w - 76. List the prime factors of w.
2, 19
Suppose 26*f - 62539 - 51575 = 0. What are the prime factors of f?
3, 7, 11, 19
Let t be (-2)/4*7*-2. Let c(r) = -r**3 + 11*r**2 - 14*r - 23. What are the prime factors of c(t)?
3, 5
Suppose 0 = -20*u + 5137 + 223. List the prime factors of u.
2, 67
Let j(c) = -11*c**2 + 10*c + 12. Let w(s) = -4*s**2 + 3*s + 4. Let l(m) = -3*j(m) + 8*w(m). Let f be l(7). What are the prime factors of 952/16 + f/(-6)?
59
Suppose -11*b = j - 9*b - 258, 3*b = 4*j - 1021. List the prime factors of j.
2
Let f(y) = -y**3 - 10*y**2 - 9*y + 2. Suppose 14*m - 7*m = -63. List the prime factors of f(m).
2
Let f(l) = -3*l**3 + 4*l**2 + 4. Let q be f(-3). Let o = q - 71. What are the prime factors of o?
2, 5
List the prime factors of 734/(-20)*-18 - 34/(-85).
661
Suppose -2*l - 38 = -y - 14, -3*l - 14 = 4*y. Let s be l/4*(-4)/5. Suppose 3*d - s*o - 91 = 30, -o + 124 = 3*d. What are the prime factors of d?
41
Let r(n) = -2*n**2 + 1. Let s be r(-2). Let m(d) = -d**2 - 7*d + 4. Let o be m(s). Suppose o*b - 11 = 65. List the prime factors of b.
19
Let r(c) = -c - 3. Let d be r(-7). Suppose d*a = -3*q + 283, a - 271 = -3*q - 0*q. List the prime factors of q.
89
Suppose -3*x + 10*x - 364 = 0. Suppose -3*j - 5*o = -j - x, -o + 86 = 4*j. What are the prime factors of j?
3, 7
Let y = -39 - -114. What are the prime factors of (-286)/(-10) + (-45)/y?
2, 7
Let w(t) = -t**3 + 34*t**2 - 44*t - 95. What are the prime factors of w(28)?
11, 307
What are the prime factors of (-100)/12*58254/(-190)?
5, 7, 73
Let m be (-5)/(-20) + 38/8. Suppose -2*i = 4*u + 32, -3*i = m*u + 16 + 30. Let n(d) = -d**2 - 18*d - 29. List the prime factors of n(i).
43
Let k = -73 - -51. Let t = 37 + k. List the prime factors of t.
3, 5
Let s = 13 + -19. Let q(l) = l**3 + 6*l**2 - 4*l - 8. Let w be q(s). List the prime factors of (27/(-6))/((-4)/w).
2, 3
Let k(x) = 46*x - 32. What are the prime factors of k(13)?
2, 283
Let i be ((-420)/(-14))/((-4)/6). Let s = i - -82. List the prime factors of s.
37
Let o be -276 - ((-18)/6)/(0 - 1). Let q = -149 - o. List the prime factors of q.
2, 5, 13
Let k = 1029 - 672. What are the prime factors of k?
3, 7, 17
Let m(w) = w**2 + 7*w + 6. Let k be m(-7). Let j(l) = -l**2 + 6*l + 5. Let s be j(k). Suppose -17 = s*u - 6*u. List the prime factors of u.
17
Let n = 1 - -2. Let s be n/6*6 - -4. Suppose 0 = 2*f - s*f + 15. List the prime factors of f.
3
Let t(v) = -v**3 - v**2 - 3*v - 7. What are the prime factors of t(-2)?
3
What are the prime factors of 0 - (5 - 3) - -1189?
1187
Suppose 0 = -39*z + 29*z + 18710. What are the prime factors of z?
1871
Let d be 31 + (-4)/12*3. Let z(l) = l**3 - 7*l**2 + 6*l - 6. Let o be z(6). What are the prime factors of d + (1 - -2) + o?
3
Let y(n) = -n**2 + 31*n - 44. What are the prime factors of y(13)?
2, 5, 19
Suppose 8 = -x + 3*x + 3*i, 2*i - 16 = -4*x. Suppose -4*j + 172 = -6*c + x*c, 5*j = 2*c + 214. What are the prime factors of j?
2, 3, 7
Suppose -j + 0 = -d - 4, 2*j - d - 7 = 0. Suppose -j*w + 997 = 184. What are the prime factors of w?
271
List the prime factors of -2*(-3)/10 - 22776/(-15).
7, 31
Suppose -6*f = f - 3626. What are the prime factors of f?
2, 7, 37
Let c(i) = i**2 + 12*i + 5. Let p be c(-14). Suppose 2*n - 3*n + p = 0. List the prime factors of n.
3, 11
Let k be (-10)/(5/(-185) + (1 - 1)). Let s = k - 221. List the prime factors of s.
149
Suppose -1 = -5*z + 14. Let h = 0 + z. Suppose 2*q - 28 = 4*y, -h*q + 26 = y + y. What are the prime factors of q?
2, 5
Let m(f) = 14*f + f**3 + 3*f**2 - 7 + f**2 - 8*f - 13*f. Let q be m(-5). Suppose -q*i - 12 = -42. What are the prime factors of i?
2, 5
Suppose -17 = 3*b - 8. Let v(s) = 5*s**2 + s - 4. Let g(u) = -4*u**2 - u + 3. Let h(x) = b*v(x) - 4*g(x). What are the prime factors of h(-5)?
2, 5
Let n(v) = -6*v. Let q(y) = -7*y + 1. Let r(c) = 6*n(c) - 5*q(c). List the prime factors of r(-11).
2, 3
Let w(k) = -2*k + 19. Suppose -6 = -l + 2. Let h be w(l). Suppose -2*t + h*n - 5*n = -146, 5*t - 373 = 3*n. List the prime factors of t.
2, 37
Let w(g) = -100*g + 26. List the prime factors of w(-3).
2, 163
Let l(x) = 573*x + 303. What are the prime factors of l(7)?
2, 3, 719
Let p(m) be the first derivative of -m**3/3 + 10*m**2 - m - 20. What are the prime factors of p(10)?
3, 11
Suppose 0 = 14*c - 18*c + 1012. List the prime factors of c.
11, 23
Suppose f - 3*f = 2. Let t be f - (1 + -8 + -2). What are the prime factors of (-15)/60 + 